t common divisor of 107976 and 9577144.
3272
Calculate the greatest common factor of 196850 and 1220.
10
Calculate the highest common factor of 1159086 and 24.
6
What is the greatest common factor of 323661 and 11094?
129
Calculate the greatest common factor of 75028 and 76.
4
Calculate the greatest common divisor of 12807780 and 150.
30
Calculate the greatest common divisor of 1147375944 and 176.
88
Calculate the highest common divisor of 221355 and 4545.
45
What is the greatest common divisor of 4560 and 221651568?
912
What is the greatest common factor of 6608712 and 25872?
264
Calculate the highest common divisor of 17712 and 12266011.
41
Calculate the highest common divisor of 296 and 13974652.
4
What is the highest common divisor of 109602 and 10566?
18
Calculate the highest common factor of 3945 and 381165.
15
Calculate the highest common divisor of 1382525 and 2312.
17
What is the highest common factor of 93439562 and 1460?
146
What is the highest common divisor of 749694913 and 6049?
6049
Calculate the highest common factor of 116382833 and 136.
17
Calculate the greatest common factor of 10148265 and 9882.
549
What is the greatest common factor of 2969578 and 33884?
394
Calculate the greatest common factor of 5472 and 7893792.
288
Calculate the greatest common factor of 506 and 59413324.
46
Calculate the highest common divisor of 2047072 and 467109.
1207
What is the greatest common divisor of 34947 and 9856?
11
Calculate the highest common factor of 1290 and 114482598.
258
Calculate the greatest common divisor of 7113897 and 252.
63
Calculate the highest common factor of 1129070 and 690.
230
Calculate the greatest common factor of 83924165 and 13.
13
What is the greatest common factor of 322 and 20679526?
14
Calculate the greatest common factor of 2332 and 308.
44
Calculate the greatest common factor of 5732768 and 372.
124
Calculate the highest common factor of 4115 and 1282475.
5
What is the greatest common factor of 9447737 and 14807?
871
What is the greatest common factor of 2638298 and 623951?
2159
What is the highest common factor of 43958 and 771404?
62
What is the highest common divisor of 2668 and 1719526?
1334
Calculate the greatest common factor of 6041 and 614013281.
6041
Calculate the greatest common divisor of 20665145 and 1005.
335
Calculate the highest common factor of 44889 and 3363222.
3453
What is the greatest common divisor of 1895178 and 172002?
1578
What is the greatest common factor of 16 and 240272?
16
Calculate the greatest common factor of 1682146571 and 7.
7
What is the highest common divisor of 92536043 and 215?
43
Calculate the highest common divisor of 14513 and 10256413.
23
Calculate the highest common divisor of 121212 and 1317348.
1332
What is the greatest common factor of 3305 and 544469005?
3305
What is the highest common divisor of 1314518 and 1354982?
562
Calculate the highest common divisor of 1567 and 165703982.
1567
What is the highest common divisor of 544502 and 141588?
874
What is the greatest common factor of 5281282 and 8864?
554
What is the greatest common divisor of 18778240 and 10400?
2080
Calculate the highest common factor of 588 and 39548572.
28
What is the highest common divisor of 5438688 and 12207?
939
What is the greatest common factor of 19 and 60896767?
19
Calculate the highest common divisor of 30943 and 143231.
319
What is the highest common factor of 567 and 103725441?
81
What is the greatest common divisor of 10605546 and 4158?
378
Calculate the greatest common divisor of 102649154 and 261.
29
What is the highest common divisor of 86 and 20650879?
43
What is the greatest common divisor of 36200 and 315845?
905
What is the greatest common factor of 64060 and 28180?
20
Calculate the highest common factor of 4551 and 233951.
37
What is the highest common factor of 1850 and 1658340?
370
Calculate the greatest common factor of 3823154 and 62830.
206
Calculate the highest common divisor of 29414937 and 1006.
503
Calculate the greatest common divisor of 43384 and 20108.
44
Calculate the highest common divisor of 1016087 and 37376.
73
Calculate the greatest common divisor of 805881561 and 5073.
5073
What is the highest common factor of 2680 and 4423340?
1340
Calculate the highest common factor of 1108378666 and 41.
41
Calculate the greatest common divisor of 1960 and 19461085.
245
Calculate the highest common divisor of 4895728 and 43214.
1394
What is the greatest common factor of 124091 and 6705193?
4279
What is the highest common factor of 1498100 and 11360?
1420
What is the greatest common factor of 492 and 13361531?
41
Calculate the highest common factor of 416662 and 311863.
181
What is the highest common factor of 9988 and 106706344?
908
Calculate the greatest common factor of 373730 and 148890.
70
What is the greatest common divisor of 585888 and 18819?
51
What is the greatest common factor of 20730080 and 672?
224
Calculate the highest common factor of 2096072 and 25608.
88
What is the highest common divisor of 3670860 and 615?
15
What is the greatest common divisor of 21152615 and 605?
605
What is the highest common factor of 70917105 and 1695?
1695
Calculate the greatest common divisor of 17 and 2322171049.
17
What is the greatest common divisor of 13651 and 2319064?
803
What is the greatest common divisor of 559354 and 7288?
1822
Calculate the greatest common divisor of 300362 and 28526.
1678
Calculate the greatest common divisor of 4375196 and 56.
28
Calculate the greatest common factor of 68912640 and 864.
864
Calculate the highest common divisor of 66014901 and 9.
9
Calculate the greatest common factor of 534942 and 1282914.
4734
Calculate the greatest common divisor of 686 and 8025857.
343
Calculate the highest common divisor of 399 and 76836.
57
Calculate the greatest common factor of 355025142 and 18.
18
What is the highest common divisor of 204232786 and 38?
38
Calculate the highest common divisor of 218264 and 264.
8
What is the highest common divisor of 2619 and 2744809?
97
Calculate the greatest common factor of 45 and 16285470.
15
Calculate the highest common divisor of 57253683 and 27993.
3999
What is the greatest common divisor of 12696 and 3397767?
1587
Calculate the highest common divisor of 1262030 and 88550.
770
Calculate the highest common divisor of 157647096 and 12.
12
What is the greatest common factor of 164027 and 13164435?
1691
What is the greatest common divisor of 165655 and 945?
35
Calculate the highest common divisor of 6726872 and 16.
8
What is the highest common divisor of 7872 and 108736?
64
What is the highest common factor of 932660694 and 478?
478
Calculate the greatest common factor of 1044 and 885336.
12
Calculate the highest common factor of 132192 and 8568.
1224
What is the highest common factor of 3376 and 1047344?
16
Calculate the highest common factor of 1305960121 and 53.
53
What is the highest common factor of 5192 and 723998?
22
Calculate the highest common divisor of 37878945 and 520.
65
What is the highest common divisor of 134645694 and 11010?
2202
What is the highest common factor of 1558 and 29728198?
1558
Calculate the greatest common divisor of 416229 and 21219.
33
Calculate the highest common factor of 169090 and 1206200.
370
What is the highest common divisor of 1525452 and 1196?
92
Calculate the highest common factor of 435 and 10643841.
87
What is the greatest common factor of 267773480 and 780?
260
What is the highest common divisor of 260 and 1967927?
13
What is the greatest common divisor of 40539900 and 510?
510
Calculate the greatest common factor of 7197575 and 11.
11
Calculate the highest common divisor of 6393863 and 1372.
343
What is the highest common factor of 370 and 53780?
10
What is the greatest common divisor of 370491414 and 174?
174
Calculate the greatest common divisor of 86 and 819579011.
43
Calculate the greatest common divisor of 29859 and 16216665.
807
Calculate the greatest common divisor of 14368 and 3843889.
449
Calculate the highest common factor of 18 and 5506674.
6
Calculate the greatest common factor of 2345 and 147355780.
335
Calculate the highest common divisor of 3702079 and 1.
1
What is the highest common divisor of 88193281 and 11?
11
What is the greatest common divisor of 91891 